19178?
7
What is the hundred thousands digit of 133494674?
4
What is the thousands digit of 26796940?
6
What is the units digit of 386638175?
5
What is the ten thousands digit of 6550476?
5
What is the hundred millions digit of 460820476?
4
What is the units digit of 1614524?
4
What is the hundred millions digit of 150386811?
1
What is the millions digit of 1016673286?
6
What is the millions digit of 218546536?
8
What is the thousands digit of 4907011292?
1
What is the thousands digit of 1936948387?
8
What is the ten millions digit of 211754651?
1
What is the hundred thousands digit of 776847279?
8
What is the millions digit of 3219328925?
9
What is the tens digit of 33675416?
1
What is the billions digit of 2944032627?
2
What is the units digit of 259670678?
8
What is the tens digit of 5339383666?
6
What is the millions digit of 516093424?
6
What is the ten thousands digit of 170279019?
7
What is the tens digit of 2576010620?
2
What is the thousands digit of 168841533?
1
What is the thousands digit of 218342091?
2
What is the hundred thousands digit of 29951612?
9
What is the hundred millions digit of 930209573?
9
What is the ten millions digit of 415878872?
1
What is the tens digit of 1383238719?
1
What is the hundred thousands digit of 503726?
5
What is the ten millions digit of 13380274?
1
What is the hundreds digit of 53184219?
2
What is the tens digit of 5822359497?
9
What is the hundred thousands digit of 1430235093?
2
What is the hundreds digit of 47753643?
6
What is the hundred millions digit of 292859768?
2
What is the thousands digit of 130300371?
0
What is the hundred thousands digit of 2373957797?
9
What is the units digit of 5487660349?
9
What is the hundreds digit of 274004917?
9
What is the thousands digit of 67512117?
2
What is the hundred thousands digit of 314333322?
3
What is the hundred thousands digit of 636119088?
1
What is the tens digit of 42336521?
2
What is the hundred thousands digit of 215650673?
6
What is the thousands digit of 115768874?
8
What is the hundreds digit of 2249057298?
2
What is the ten millions digit of 64243747?
6
What is the hundred millions digit of 2294831085?
2
What is the hundred thousands digit of 59250896?
2
What is the hundreds digit of 27243539?
5
What is the thousands digit of 538113435?
3
What is the thousands digit of 851173205?
3
What is the ten thousands digit of 59110954?
1
What is the tens digit of 1330153565?
6
What is the hundred millions digit of 839274144?
8
What is the hundreds digit of 279541100?
1
What is the hundreds digit of 5433807?
8
What is the units digit of 3875399241?
1
What is the hundred thousands digit of 57132555?
1
What is the hundred millions digit of 351271662?
3
What is the thousands digit of 1601686881?
6
What is the hundred thousands digit of 173238599?
2
What is the thousands digit of 21818775?
8
What is the millions digit of 2459406768?
9
What is the hundreds digit of 224331795?
7
What is the units digit of 2034265697?
7
What is the units digit of 719499794?
4
What is the units digit of 41058982?
2
What is the hundreds digit of 1886663392?
3
What is the millions digit of 157591202?
7
What is the hundred millions digit of 675855200?
6
What is the thousands digit of 382696542?
6
What is the thousands digit of 2395526639?
6
What is the tens digit of 36816509?
0
What is the ten millions digit of 44204301?
4
What is the ten millions digit of 1731667918?
3
What is the ten thousands digit of 12757181?
5
What is the ten thousands digit of 448364282?
6
What is the tens digit of 2212526146?
4
What is the millions digit of 7687893?
7
What is the ten thousands digit of 32466872?
6
What is the millions digit of 111308530?
1
What is the tens digit of 134577577?
7
What is the millions digit of 81320021?
1
What is the tens digit of 3594666272?
7
What is the hundreds digit of 285872904?
9
What is the thousands digit of 1804874?
4
What is the tens digit of 1739768296?
9
What is the millions digit of 364052808?
4
What is the thousands digit of 60736520?
6
What is the ten thousands digit of 1108520529?
2
What is the thousands digit of 981799165?
9
What is the tens digit of 14134564?
6
What is the ten thousands digit of 234585850?
8
What is the thousands digit of 271473597?
3
What is the hundred thousands digit of 235539369?
5
What is the thousands digit of 196819460?
9
What is the hundreds digit of 6707872501?
5
What is the units digit of 160714794?
4
What is the tens digit of 56808833?
3
What is the tens digit of 521660380?
8
What is the ten millions digit of 1051704466?
5
What is the units digit of 379297?
7
What is the hundreds digit of 165167028?
0
What is the hundreds digit of 246502101?
1
What is the ten millions digit of 22519050?
2
What is the tens digit of 1643044229?
2
What is the units digit of 228653654?
4
What is the units digit of 33529491?
1
What is the hundreds digit of 4296641413?
4
What is the hundred thousands digit of 213512079?
5
What is the units digit of 295176075?
5
What is the ten millions digit of 304957750?
0
What is the thousands digit of 47552249?
2
What is the billions digit of 1035821877?
1
What is the ten millions digit of 65353746?
6
What is the hundreds digit of 1296979323?
3
What is the tens digit of 95872952?
5
What is the hundred thousands digit of 528659797?
6
What is the units digit of 5169657031?
1
What is the units digit of 1186622325?
5
What is the hundred millions digit of 412675272?
4
What is the thousands digit of 2019095317?
5
What is the hundred thousands digit of 54219546?
2
What is the tens digit of 20531639?
3
What is the tens digit of 52664469?
6
What is the units digit of 1917218266?
6
What is the hundreds digit of 219537927?
9
What is the ten thousands digit of 65668133?
6
What is the thousands digit of 188442530?
2
What is the millions digit of 49634114?
9
What is the thousands digit of 143949350?
9
What is the millions digit of 107569787?
7
What is the billions digit of 1585583907?
1
What is the units digit of 1411520653?
3
What is the hundred millions digit of 130979726?
1
What is the millions digit of 9245555?
9
What is the tens digit of 13997272?
7
What is the units digit of 605502025?
5
What is the hundred thousands digit of 1381483615?
4
What is the thousands digit of 300504037?
4
What is the millions digit of 670074388?
0
What is the hundreds digit of 17284129?
1
What is the hundreds digit of 2674480449?
4
What is the units digit of 204440946?
6
What is the hundred thousands digit of 293974503?
9
What is the tens digit of 585209073?
7
What is the ten thousands digit of 448145702?
4
What is the ten thousands digit of 135579638?
7
What is the ten thousands digit of 219795518?
9
What is the hundreds digit of 1674020108?
1
What is the hundred thousands digit of 1774855263?
8
What is the ten millions digit of 1449432265?
4
What is the ten millions digit of 52227783?
5
What is the hundred thousands digit of 894332710?
3
What is the hundreds digit of 200514565?
5
What is the tens digit of 6604426?
2
What is the millions digit of 114718679?
4
What is the tens digit of 69255157?
5
What is the hundred thousands digit of 705881161?
8
What is the thousands digit of 410867755?
7
What is the hundred millions digit of 148401289?
1
What is the hundred thousands digit of 381594989?
5
What is the thousands digit of 2616453?
6
What is the thousands digit of 859819856?
9
What is the thousands digit of 968818202?
8
What is the thousands digit of 531788526?
8
What is the ten thousands digit of 2062347924?
4
What is the units digit of 142717267?
7
What is the hundreds digit of 3324825148?
1
What is the units digit of 2774842104?
4
What is the millions digit of 1058549293?
8
What is the ten millions digit of 24758974?
2
What is the hundreds digit of 412652137?
1
What is the thousands digit of 65037065?
7
What is the ten thousands digit of 710147978?
4
What is the hundreds digit of 119427706?
7
What is the ten thousands digit of 357171153?
7
What is the hundreds digit of 1852794108?
1
What is the ten millions digit of 568097540?
6
What is the hundreds digit of 21433225?
2
What is the ten thousands digit of 188852334?
5
What is the billions digit of 1011790836?
1
What is the hundred millions digit of 184932257?
1
What is the millions dig